(-8). Calculate the highest common factor of k and 11.
11
Let d(z) = -z**3 + 6*z**2 + 6*z + 9. Let f be d(7). Suppose s = -f*s + 72. What is the greatest common factor of 6 and s?
6
Suppose -i + 40 = 3. Suppose -i = -2*g - 3. Calculate the highest common factor of g and 68.
17
Let f be -15 + 36 - (-3 + 1). What is the greatest common divisor of f and 69?
23
Let j = 8 + -2. Suppose 8 + 7 = m. Calculate the highest common factor of j and m.
3
Suppose -m - m = -16. Let t = 13 + -10. Let d = m - t. Calculate the greatest common factor of 2 and d.
1
Let x be (-2)/(-1) - (2 - 84). Suppose -p + x = 3*i, -2*i + 43 = -0*i + 5*p. Calculate the greatest common factor of 261 and i.
29
Let s = 10 - 5. Suppose -s*n = -5*q + 40, -q - 4*q = 3*n. Suppose u - 4*r = 78, -r + 66 = u + q. What is the greatest common factor of 6 and u?
6
Let t be 66 - (-9)/((-18)/4). Calculate the highest common factor of 80 and t.
16
Suppose -g = -2*a, 9 = 6*g - 2*g + a. Let h(b) = 3*b**3 - 3*b**2 + b - 2. Let k be h(g). Calculate the highest common divisor of k and 36.
12
Let j = 14 - 8. Suppose j = 3*h, s + h + 0 = 7. Suppose -15 = -s*i, -4*o + 57 = o + 4*i. Calculate the greatest common factor of o and 27.
9
Let d be -1*2/(-2)*48. Suppose 2*m - 5*q - 9 = 0, 3 = -4*m + q + d. Calculate the greatest common factor of m and 108.
12
Let o be ((-6)/5)/((-15)/50). Calculate the greatest common divisor of 16 and o.
4
Let d(f) = f**2 - 6*f - 6. Let q be d(6). Let v(i) = -i**3 - 6*i**2 - 8*i. Let p be v(q). Suppose 17 = 3*c - 1. What is the highest common factor of p and c?
6
Suppose -5*t + 3*x = -556, 5*x = -8 - 2. Let i = 18 - -8. Suppose -2*k + t = i. What is the greatest common divisor of 7 and k?
7
Suppose i = 5*v - 147, 0*v - 2*v + 2*i + 54 = 0. What is the greatest common divisor of 30 and v?
30
Suppose 5*u - 46 = -3*o, -4*u + 7*o - 2*o = -22. Suppose 35 = 5*p - w, 0 = 3*p + 2*w + 3*w - 49. What is the highest common factor of p and u?
8
Suppose 7*r = 2*r. Let f be 4/(-3 - -1) + r. Let w be (-19)/(-7) + f/(-7). Calculate the greatest common divisor of 33 and w.
3
Let o(f) = -2*f**3 + 2*f**2 - 2. Let t be o(-3). Let p = t - -10. Calculate the highest common factor of 32 and p.
16
Suppose 0 = -3*j + j - 2*s + 58, -62 = -2*j - 4*s. Let v = -18 + j. Suppose -r - 4 = -13. What is the highest common divisor of v and r?
9
Let j be (-7)/(14/(-4)) - -16. What is the greatest common divisor of j and 162?
18
Let v = -9 + 15. Let n = -2 + v. What is the highest common divisor of n and 8?
4
Let s(x) = x**3 + 7*x**2 + 4*x + 3. Let w be s(-3). What is the highest common factor of w and 189?
27
Suppose -12*t + 7*t + 15 = 0. Calculate the greatest common factor of 39 and t.
3
Let a(m) = -4*m - 7. Let u be a(-5). Let p(t) = t + 78 - t**2 - t - 13. Let z be p(0). What is the greatest common factor of z and u?
13
Suppose 3 = 2*p - p. Suppose 5*w = 4*t + 25, 2*w = p*t - 0*t + 17. Let u = 10 - 6. What is the greatest common divisor of w and u?
1
Let m be 27 + 3*3/(-3). Calculate the greatest common divisor of m and 216.
24
Let v(q) = -q**2 - 16*q - 3. Let u be v(-15). Let f = -31 + 55. What is the greatest common factor of u and f?
12
Let y = 5 - -11. Calculate the greatest common factor of y and 16.
16
Let j(m) = 10*m - 8. Let o(g) = -g**2 + 8. Let y be o(0). Let u be j(y). Suppose 0 = 4*s - s - u. What is the greatest common factor of s and 3?
3
Let y be 2/11 + (3 - 740/(-44)). Calculate the highest common divisor of 60 and y.
20
Let o be (-76)/(1*1/(-2)). Let w be (-1*1)/(-12 - 2951/(-247)). What is the greatest common divisor of o and w?
19
Suppose 0 = -5*m + 55 - 25. Calculate the greatest common factor of m and 114.
6
Let n(y) = -9*y - 20. Let j be n(-10). Calculate the highest common divisor of j and 105.
35
Let d(x) = -4*x + 17. Let r(a) = 3*a - 16. Let i(y) = 5*d(y) + 6*r(y). Let u be i(-10). What is the highest common factor of u and 1?
1
Suppose 15 = 4*o - 17. Let q(u) = 22*u - 2. Let h be q(3). What is the greatest common divisor of o and h?
8
Let z(g) = g**2 - 13*g - 21. Let j be z(15). What is the greatest common divisor of 45 and j?
9
Suppose 0 = b - 18 + 2. Suppose -143 = -2*m + m - 3*x, -5*x - 615 = -5*m. What is the greatest common divisor of b and m?
16
Let h = 0 + 3. Suppose -3*j + 2*u + 27 = -h*u, 4*j - 36 = 2*u. Suppose -104 = -5*c - j. What is the greatest common divisor of c and 19?
19
Let h(i) = -2*i - 8. Let p be h(-8). Let l = p + -3. Suppose 4*x - 5*x + 59 = 2*a, -2*x + 136 = -l*a. What is the highest common divisor of 42 and x?
21
Let h = -39 - -66. Let s(t) be the third derivative of t**5/60 - t**4/12 + t**3/6 + 4*t**2. Let n be s(4). Calculate the highest common factor of n and h.
9
Suppose 4*u - l = -4*l + 21, 4*u + l = 15. Let n be 64/(-34) + (-26)/221. Let d = u - n. What is the greatest common factor of d and 25?
5
Let i(j) be the first derivative of j**4/4 - 4*j**3 + 8*j - 2. Let x be i(12). Calculate the greatest common factor of 88 and x.
8
Let p(l) = -l + 8. Let g be p(5). Suppose -f - 2*f - 3 = 0, -a - g*f = -173. What is the highest common factor of 16 and a?
16
Suppose -4*y = -4*h - 44, 56 = 5*y - 3*h + 3. Let g be y/8*38*2. What is the greatest common factor of 19 and g?
19
Let u = 1 + 0. Suppose 0 = w - u - 5. Suppose -5*p + c + 12 = 0, -5*p + 18 = -4*c - 0*c. Calculate the highest common factor of p and w.
2
Let v be (-2)/((-2)/3) + 51. What is the highest common factor of v and 6?
6
Let a(y) = y**3 - 3*y**2 + 4*y - 6. Let m be a(4). What is the greatest common factor of m and 39?
13
Let a be 4/6*-1*-3. Calculate the highest common factor of 1 and a.
1
Suppose -3*i - 3 = -9. Suppose -5*y + 7*l = i*l, -5 = -5*y + 4*l. Calculate the greatest common factor of 5 and y.
5
Let t be (-1 + 1 + 7)*16. Calculate the greatest common divisor of t and 16.
16
Suppose -54 = -22*t + 19*t. Suppose -4*r + 100 - 28 = 0. Calculate the highest common factor of t and r.
18
Suppose 3*i - 279 = 33. What is the greatest common factor of 26 and i?
26
Let z be (-276)/(-8)*(-4)/(-6). Let o = z - -43. What is the greatest common factor of o and 44?
22
Suppose -27 = -4*v - 19. Calculate the highest common factor of v and 16.
2
Suppose -2*f + 9 = d, 2*d - d - 3*f = -16. Let c be (20/(-8))/(d/(-10)). Let q be (-8)/1*c/4. Calculate the greatest common divisor of q and 20.
10
Suppose 2*b - 4*b + 8 = 0. Calculate the greatest common divisor of b and 28.
4
Let n = 16 + -15. What is the greatest common divisor of 9 and n?
1
Suppose 2*b = 4*z + 410, -b + 4*b - 413 = 4*z. Let v = 143 + z. Let j = 21 + -15. What is the highest common factor of v and j?
6
Suppose z - 67 = 89. Let m be -2 - 5/((-15)/z). Calculate the greatest common divisor of m and 20.
10
Let p = -446 - -766. Calculate the greatest common divisor of 20 and p.
20
Let l(y) = -42*y - 7. Let x be l(-2). Suppose o = 6*o. Suppose o*s = -2*s + 22. What is the greatest common factor of s and x?
11
Suppose -m - 5*h = 5, 48 = 5*m + h - 23. Let l = m + 1. Calculate the highest common divisor of 4 and l.
4
Let n = 45 - -21. Suppose s = 4*s - 3. Let j(g) = 5*g**3 + g**2 + g - 1. Let v be j(s). What is the highest common factor of n and v?
6
Let l be 1*(2 - -1) - -4. What is the highest common factor of 28 and l?
7
Suppose 2*g + 3*i = 17, 0*g - 5*g + 3*i = -11. Suppose -5*o + 140 = -80. What is the greatest common factor of o and g?
4
Suppose -4*d - 2*g + 140 = 0, 2 + 2 = -2*g. Let y = d - 52. Let o = 5 - y. Calculate the greatest common factor of 14 and o.
7
Suppose -2*k = -4*y - 32, 2*k - k - 7 = -y. What is the greatest common factor of 2 and k?
2
Let h be (90/12)/((-2)/(-8)). Calculate the highest common factor of 210 and h.
30
Suppose -2*p + p = -5*d + 15, 5*p - 15 = -5*d. Suppose 2*h - h + 5 = p, 40 = 5*u + 2*h. Let f = 32 - 12. What is the greatest common divisor of f and u?
10
Let i(a) = a**2 + 4*a + 9. Let k be i(-3). What is the greatest common divisor of 66 and k?
6
Suppose 5*m = 3*r + 72, 4*m - 21 = -r + 23. Let p be m*3/9*3. Let c be ((-8)/2)/((-6)/p). What is the greatest common factor of c and 72?
8
Suppose -6*n = -7*n + 32. Calculate the highest common factor of n and 56.
8
Suppose -3*q - 3*a + 474 = 0, 3*q = a + a + 454. Calculate the greatest common factor of 14 and q.
14
Let i(z) = 5*z**3 - 2*z**2 - 2. Let t be i(2). Let 